f -59 + -25 + (21 - 0 - (-151 + 146))?
-58
Evaluate (32 - (-42 - -97)) + 98 + 17.
92
-64 + (-15 - 4) + 50
-33
What is (-24 - -69) + -111 + 128?
62
What is the value of (-5 + -1 + (-1 - 10) - (1 - 10)) + 75?
67
What is 1 + -5 + (9 + -1 - (131 - 120)) + 6?
-1
What is (-6 - (15 + 0)) + 45 - 51?
-27
Evaluate -2 - -1 - (-2 + -36 + -19 + 64).
-8
2 + (-4 - 10) + (6196 - 6140)
44
What is (6 - 10) + (19 - 23) + 52?
44
Evaluate (-32 - (60 - 31)) + 99.
38
-9 - 0 - (-33 + (60 - 64) + 21)
7
Evaluate 28 + -2 + -13 + -15 + 59.
57
What is the value of 13 - (127 + -47 + 3 + -1 + -4 + -1)?
-64
What is -21 - (-220 - -173 - (-2 - -11 - 6))?
29
Evaluate (8 + (-11 - (-6 - 7)) - (-1 - 16)) + -1.
26
(-71 + 115 - (10 + -4 + 2)) + -13
23
Calculate 9 + 0 + -77 + (-4 - (8 + -25)).
-55
Evaluate -4 + (-18 + 12 + 1 - -22) + 66.
79
What is 12 - (-9 - -104) - -152?
69
Calculate -1 - (1 - (-8 - -51) - (43 - 39)).
45
Evaluate -19 + 0 + (136 - -26) + -150.
-7
What is the value of (-6909 - -6929) + (2 - (-74 + 1 + 1))?
94
(-21 - (-60 + 42)) + -59 + (1 - 5 - 1)
-67
Calculate (5 - 58) + 34 + 4.
-15
What is the value of -130 + 181 - (12 + 5 + -8 + 7)?
35
Evaluate (-6 + 2 + -17 - -59 - 6) + -10 + -2.
20
-15 + 2 + -1 + 24 + -4 - 28
-22
7 + -263 + 266 + -1 + -94
-85
Evaluate -12 - (3 + 15 + -20) - (48 + 0 - 3).
-55
Calculate (10 - -1) + 154 + -168 - ((6 - 11) + -43).
45
Evaluate -23 - 5 - (-36 + -4 + 95).
-83
Calculate (-15 - -2) + (58 - (-31 + 69)).
7
19 + (-279 - -103) + 152
-5
Calculate 0 - 1 - (4 + (-7 - -13) + -11 + 6).
-6
Calculate 0 - 6 - -1 - (-3 + 35).
-37
Evaluate -29 - (21 - 55) - (0 + 21).
-16
What is -45 + 129 - ((-4 - -21) + 3)?
64
What is the value of 2 - 14 - (34 - (-14 + (-5 - (-9 + -7))))?
-49
Calculate (-19 - -19 - -36) + -72 - 24.
-60
What is the value of 2 + 18 + -674 + 661?
7
Calculate -49 - (-13 + (-11 - -8) + 51).
-84
What is -9 - 23 - (-25 - (-7 + 8))?
-6
What is (-13 - -1) + (-4 - -13) + -13?
-16
What is -4 + (-7 + 2 - (-17 + 13 - 13)) - -3?
11
-69 - (33 + (-48 + 13 - -6))
-73
Calculate -101 - (16 - -2 - (912 + -866)).
-73
Evaluate (-18 + -1 + (27 - -2) - (5 - -1)) + 3.
7
What is (13 - -4 - (8 - 3)) + -22 - (66 + -2)?
-74
What is the value of (-23 - (10 - 1)) + -21 + -2 + 2?
-53
Evaluate (-6 - -11) + -50 + 211 + -292.
-126
Evaluate (-29 - -54) + -17 + -1 + -26.
-19
What is (7 - 1) + 9 - (85 + -70)?
0
What is 32 + (-27 - ((-3 - -15) + (26 - 48)))?
15
What is the value of (15 - -70 - 40) + -5?
40
What is the value of 359 + -348 - (44 - 3)?
-30
Evaluate -10 + 0 + (-22 - (14 + (24 - 69))).
-1
What is the value of (-15 - (1 + -12 - -11 - 102)) + -2?
85
141 + -81 + (-12 - -1) + (-12 - -2) + 13
52
Evaluate -29 + 18 - (9 - -10) - -2.
-28
(1 - -2 - (-15 + 22)) + 0 - (-30 - -69)
-43
What is the value of 7 - (-16 - (-12 + -16) - -24)?
-29
Evaluate 21 - (-50 - -32 - -25).
14
Calculate -64 - (3 - (-11 + 32)).
-46
(12 - (-31 + 15 + 40)) + (21 - -1)
10
(-5 - (-2 + 8 - (-34 + -33 + 85))) + -33
-26
What is the value of -48 + 51 - 43 - -42?
2
What is the value of (13 - 54) + -16 + 0?
-57
Calculate 47 - (5 - (-24 + 25 - 9)).
34
Calculate 70 + (-7 - (24 + 11 + -21)).
49
Evaluate (-104 - -2) + (70 - 110 - -65).
-77
Evaluate (14 - (-8 + 2) - -23) + 0.
43
Evaluate -30 - -92 - 18 - 146.
-102
Evaluate (-2 - -48) + (884 - 912).
18
-48 + (32 - 8 - 17) + 153
112
What is the value of -115 + (23 - 26) + 67?
-51
What is -91 + -27 + -24 + 105?
-37
Calculate -41 + (-2 - (9 + -21)) + 23.
-8
What is -195 - (80 - -26 - 252)?
-49
Evaluate 57 + 36 - (5 + 28).
60
Calculate -7 - ((-3 - -7) + 3 + 7) - (1 - 3).
-19
What is (15 - (2 - (-17 - -27))) + -30?
-7
What is -28 + 49 + -11 + 17 + 4?
31
What is -29 + 1 - (-48 + 65 + 10)?
-55
Evaluate -4 - (0 - -1) - (1 + 61 - (-4216 + 4285)).
2
Calculate 29 + -53 + -64 + 91.
3
What is -4 - (11 - (-1 + 1 + 4 + 1131 + -1179))?
-59
Evaluate (2 - -1 - 2) + (5 - 12 - -18) + -58.
-46
What is (-56 - (65 + -55)) + 92?
26
What is the value of (-33 - -11) + 11 + (7 - 2)?
-6
Calculate -53 - (-22 - -44 - 114).
39
Evaluate (48 - 107) + 105 + -152.
-106
(7 - 5) + (8 - 28) - 18
-36
What is (-40 + -55 - 19) + 66?
-48
Calculate -83 + 38 + 152 + -1 + 3.
109
Calculate -7 + 34 + (-33 - -21) - 38.
-23
What is the value of -114 - ((-3 - -1) + -73 + 68 - 11)?
-96
(12 + -8 - 2) + 57 + -13 + 6
52
What is the value of 34 + (3 - 6) + 202 + -197 - -14?
50
What is (9 + (3 - -3) + -2 - (-12 + 13)) + -60?
-48
54 + 3 + -15 + -81
-39
What is (0 - 18) + (-5 - -17) - 61 - -14?
-53
What is -65 - ((24 - 16 - -24) + 1 + -10)?
-88
What is the value of (-30 - ((-31 - 7) + 39)) + 70?
39
What is the value of -2 + (-45 + 47 + (0 - 1) - -1) - 10?
-10
(-3 + (-11 - -3) - 0) + (50 - 25)
14
What is 1 + (2 - 0) - (2 - -19 - (128 - 174))?
-64
What is 11 + 23 + -18 + -15 - -16?
17
(-15 - (89 - (-17 + 15 + -4 - 4))) + -2
-116
Evaluate (7 - ((11 - -7) + 4)) + 53 + -50 - -63.
51
What is -17 + -3 - (43 + -64 + -51)?
52
Calculate -1 - 7 - (727 + -756).
21
What is (12 + -14 - (7 + 0)) + (-224 - -212)?
-21
Evaluate -2 + 98 + (-158 - (-171 - -46)).
63
What is 21 + -5 + 3 + 10 - (-29 - -35)?
23
What is the value of -68 - -61 - -76 - 132?
-63
16 + (-4 - 114) + 2 + (14 - (-6 + 7))
-87
(-38 - 0) + 138 - 146
-46
-23 - (-20 + -118 + 41)
74
What is 20 + -5 + -7 + 4 + (67 - 105)?
-26
Evaluate 7 + 2 - (-35 + -5) - (26 + -28).
51
Evaluate 41 + (51 - (-6 - -51)).
47
Evaluate -198 + 103 + (-48 - -64).
-79
What is the value of -1246 + 1209 + (65 - (3 - 4))?
29
Evaluate (-1175 - -1184) + (-85 - -9).
-67
3 + (7 - (-6 + -39)) + -31 + 66 + -28
62
What is 28 + (60 - 52) - (14 + -3)?
25
What is the value of 15 + -11 + -12 + 1 - -16?
9
What is the value of (-1 - -7 - -5) + -8 - -30?
33
What is the value of 24 + 105 + -64 + -76?
-11
What is the value of -12 + 42 + -1 + -8 + 5 + 1 + -11?
16
Calculate (37 - (57 + -60)) + -20.
20
What is 39 + (-3 - 95) + -5?
-64
What is 34 + -4 + -30 - (-5 - (-19 - -1) - 4)?
-9
39 - (-9 - -64) - (-50 - -25)
9
What is -4 + -50 + 141 - 50?
37
What is the value of -9 - (9 + 8 + 13 + -32)?
-7
Calculate -3 + (-15 + -3 - -22 - -5) + (0 - 86).
-80
-75 - (-3 + (-21 - -47)) - (-9 - -2 - 0)
-91
What is -62 - (-34 - 4 - (-300 + 243))?
-81
-44 - (57 - 17 - 28)
-56
What is -2287 - -2220 - ((1 - 2) + 5)?
-71
Calculate (0 - 3 - -8) + -14 + (9 - -20) + -22.
-2
What is -73 + (1 + 8 + -28 + -33 + 47 - -14)?
-64
Evaluate 48 - 67 - (4 + 3 - -1).
-27
What is the value of -1 - -28 - (10 + 50 + -69)?
36
-3 + 2 + 54 - 65
-12
What is the value of -13 - (-5 - (1 - 19)) - -103?
77
Calculate (86 + -24 + -47 - (-2 - 0)) + -46.
-29
36 + -1 - ((43 - 43 - 4) + 10)
29
What is -12 + 18 + -14 + (7 - -4) + 20?
23
What is the value of (11 - -2) + (16 - 27 - -24) + -6?
20
Evaluate -100 + (-38 - -128) - (2 - (1 - -2) - -67).
-76
Calculate (-2 - -29 - (-565 + 535)) + -4.
53
(-2 - 0 - (138 - 165 - (-17 - -1))) + 28
37
What is -38 - ((6 - 37 - -30) + -53)?
16
-13 - (20 + -13) - (16 - 8)
-28
Evaluate (4 - -4) + -8 - (10 - (-7 + -9 + 9)).
-17
What is the value of 40 + (21 + 33 - 62)?
32
What is 30 + -25 + -40 + 75 + 34?
74
Calculate (-65 - -49 - (-2 + 6 + -6)) + -24.
-38
What is the value of (6 - 1) + (-2 - -11 - (29 - (17 - 45)))?
-43
Evaluate -126 + 150 + (-104 - -29).
-51
-7 - (25 + -3 + -49)
20
Calculate -49 - (-19 + 3 + -24).
-9
What is the value of -9 - 9 - (-35 + 6 + -27)?
38
Calculate -82 + 43 + (-11 - -7 - -18) + -1 + -2.
-28
What is (-1 - -22) + -87 + (-8 - -99) + -3 + -2?
20
Evaluate (10 - -23) + -20 + 0 - (-4 + -1).
18
26 + 1 - (396 - 179 - 171)
-19
Evaluate (-36 - (-18 + 3) - -29) + -8.
0
Calculate (-1 - (0 - (7 + -2))) + -52 + 10.
-38
What is the value of -106 + (253 - 79) - (-1 - (8 - (1 - -1)))?
75
What is (114 - 3) + -78 - 99?
-66
(9 - 29) + 1 - (-103 + 94)
-10
Evaluate (2 - (-41 - -13)) + 1 + (1 - -1).
33
What is (517 - 560) + (-6 - -37)?
-12
Calculate (-10 + 5 - -6) + 2 + 45 - (22 + -20).
46
Calculate -15504 + 15480 + 1 + 104 + -1.
80
Evaluate 3 + (18 - (-12 - (18 + 19 + -50))).
20
Evaluate (37 + (-28 - -16) + -7 - -11) + (0 - -6).
35
What is 79 + (-709 - -711) + (-26 - -2)?
57
8 - -4 - (102 - 100 - (3 - 1))
12
What is the value of 18 + 27 - 96 - -103?
52
7 + -10 + (45 - (30 - 7)) + -79
-60
1 + -15 - 0 - (-194 + (5 - -187))
-12
What is the value of 112 - 98 - (2 - 96 - (-5 + -8 + 13))?
108
Calculate (15 - 46) + 55 - (11 - -7).
6
